, 29
Suppose 25681 = -14*t + 100469. What are the prime factors of t?
2, 2671
Let c(t) = 2*t**3 - 72*t**2 + 19*t + 85. Let n be c(35). Let p = -1046 - n. List the prime factors of p.
2, 3, 109
Suppose -165*v + 171*v - 11096 - 30280 = 0. What are the prime factors of v?
2, 431
Suppose -3 = 3*c + 4*k, 2*c + k = -2*c + 9. Suppose 6*t - 2*t = g - 617, c*g + 4*t = 1835. Suppose -g = -2*b - 241. What are the prime factors of b?
2, 3, 31
Let c = -57067 + 85770. List the prime factors of c.
28703
Suppose -o + 50 = -3*p - 2014, 2*o + 5*p = 4183. List the prime factors of o.
3, 7, 11
Suppose 2*i - 3*l = -203, 0 = 3*i - 5*l + 188 + 119. Let s = 94 + i. Suppose s = -15*f + 6*f + 2313. What are the prime factors of f?
257
Let q(h) = 1941*h**2 - 32*h - 5. List the prime factors of q(-2).
7823
Let a = -386 - -116. Let p be 8/6*3/(-2). List the prime factors of ((-13)/(-5) - 2)/(p/a).
3
Suppose -s - 5 = 1. Let n(k) = -k**3 - 4*k**2 + 11*k - 1. Let i be n(s). Suppose b + 5*l - 17 = 89, -446 = -i*b - 4*l. List the prime factors of b.
2, 43
Let i(n) = n**2 - 18*n - 22. Let s be i(21). Suppose 44*c - 234 = s*c. List the prime factors of c.
2, 3, 13
What are the prime factors of (484/(-77) - -8)/(12/149912)?
2, 2677
List the prime factors of -5 + (-98)/(-21) + ((-38182)/(-3) - -4).
29, 439
Let p(a) = -a**3 - 5*a**2 + 5*a - 1. Let t be p(-6). Suppose -2 - 3 = -t*v. List the prime factors of 12/8*-2 + 22/v.
19
Suppose 14*m + 5 = -79. What are the prime factors of m/3*(2/1 - 83)?
2, 3
Let r(a) = 17*a**2 - 4*a - 2. Let l be r(-2). Let m = l + -79. List the prime factors of (3 - -110) + 0*m/(-15).
113
Let q = -73 + 104. Suppose q*d = 16*d + 17*d. Suppose -98 = -v + 5*p + 185, d = -5*v + 5*p + 1515. What are the prime factors of v?
2, 7, 11
Let a(y) = 1272*y**2 + 108*y - 13. List the prime factors of a(-3).
41, 271
Let i(y) = 330*y - 4002. What are the prime factors of i(22)?
2, 3, 181
Let b = 172 - -67. Suppose -n - b = -c, 2*n + 0*n + 8 = 0. List the prime factors of c.
5, 47
Suppose 8*o - 10*o + 2 = -5*s, 0 = -3*s + o - 1. Suppose -96*w + 94*w + 1370 = s. What are the prime factors of w?
5, 137
Suppose 5*r - 9 = -2*y - 0*r, -y = 5*r - 12. What are the prime factors of (-855)/(-2) + y*5/30?
7, 61
Let c = -1166 + 4931. What are the prime factors of c?
3, 5, 251
List the prime factors of (10844352/(-384))/(10/(-4)) - (-1)/(-5).
2, 353
Let i = -2581 - -3285. List the prime factors of i.
2, 11
Let h(i) = 4*i**2 + 4*i - 6. Suppose f - 8 = -f. Suppose -3 - 9 = -f*z. What are the prime factors of h(z)?
2, 3, 7
Let i(m) = 13367*m + 909. List the prime factors of i(3).
2, 3, 5, 1367
Suppose 0 = 6*p - 2 - 10. Suppose p*n + r = 4*r - 5, 0 = -3*n + r + 10. Suppose 0 = n*o - 750 + 215. What are the prime factors of o?
107
Let k(s) = 13*s**2 + 8*s + 17. Let u be k(-3). Suppose -265 = 5*h + 3*w - 98, 5*h = -5*w - 165. Let y = u + h. List the prime factors of y.
2, 19
Suppose 148*u = -257443 + 765971. List the prime factors of u.
2, 859
Let y(x) = x**3 - 4*x**2 - 4*x - 31. Let w be y(7). What are the prime factors of (-15 - -1)/(w/(-2596))?
7, 59
Let r(f) = f + 13. Suppose 0 = 5*b - 2*b - i + 29, 4*b + 7 = -5*i. Let q be r(b). Suppose 171 = q*c - 194. What are the prime factors of c?
73
Let p = 13886 - 2722. What are the prime factors of p?
2, 2791
Suppose 49*s - 32 = 48*s. What are the prime factors of 2575/4 + 8/s?
2, 7, 23
Let t be 66 + (-10)/15 + (-33)/(-9). Let x = -46 + t. Suppose -x*h + 154 = -22*h. What are the prime factors of h?
2, 7, 11
What are the prime factors of ((-29880)/(0 + 4))/(-14 - -13)?
2, 3, 5, 83
Suppose 6*u + q = 11*u - 227297, q - 45451 = -u. List the prime factors of u.
2, 7, 17, 191
Let o(q) be the first derivative of -11*q**2/2 + 76*q - 9. What are the prime factors of o(-16)?
2, 3, 7
Suppose 34676 = 15*c - 39904. What are the prime factors of c?
2, 11, 113
Suppose 140*m - 35*m - 719985 = 0. List the prime factors of m.
6857
Let k(w) = -2*w**2 - w + 1. Let p(l) = -13*l**2 + 8*l - 41. Let q(c) = 6*k(c) - p(c). Let v = -5 - -16. What are the prime factors of q(v)?
2, 7
Let r(d) = -d**3 + 2*d**2 + 42*d - 118. Let j be r(6). Let c(l) = -9*l + 9 + 5 + 0. What are the prime factors of c(j)?
2, 13
List the prime factors of (12 + 152014/85)/(2/60).
2, 3, 7, 643
Let l(p) = -9*p - 70. Suppose -9*w - b - 130 = -5*w, -88 = 3*w - 4*b. What are the prime factors of l(w)?
2, 109
Let m(r) = -36*r - 925. What are the prime factors of m(-42)?
587
Suppose -b + 2*n = 0, -4*n + 5*n + 1 = 0. What are the prime factors of (1 - (-95)/b)*112/(-42)?
2, 31
Let h(w) = 5*w. Let y be h(0). Suppose -5*q + 2 = 22, y = -2*u - q + 20. Suppose 7*l = u*l - 745. List the prime factors of l.
149
Let q = -5129 - -5156. What are the prime factors of q?
3
Let v(a) = 2211*a**2 - 76*a + 205. List the prime factors of v(3).
2, 4969
Let g(l) = 36*l**2 + 46*l + 189. List the prime factors of g(26).
17, 89
Let t be (-2 + 2 - 2)/((-16)/(-88)). Let o(v) = 3 + 17 - 8*v - 5*v + 6*v**2 + v**3 + 6*v**2. What are the prime factors of o(t)?
2, 71
Let k = 105 - -1740. Suppose 12*h - 8685 = -k. What are the prime factors of h?
2, 3, 5, 19
Let k(y) = y**3 - 9*y**2 + 14*y + 8. Let f be k(8). Let x = f - 58. List the prime factors of (8/4)/x*-18.
2, 3
Let s = 3229 + -81. List the prime factors of s.
2, 787
Suppose 18*l + 32168 = 149960. List the prime factors of l.
2, 409
List the prime factors of (-5)/2*(-8)/5 - (-1037 - 15).
2, 3, 11
Suppose 5*b - 13527 - 6273 = 0. What are the prime factors of b/176*568/10?
2, 3, 71
Suppose -2*n + n = -4. Suppose 3 = -3*w, -n*w - 2518 = -5*v + 921. Suppose 3*m - x = 524, -m + x - v = -5*m. List the prime factors of m.
173
Let a = -8 - -9. Let h(d) = 13 - a - 5 + 4*d. What are the prime factors of h(10)?
47
Let q be (36/(-8))/(-9)*0. Suppose -2*c + 3*u + 4 = -q, 4*u = 5*c - 24. What are the prime factors of 212/c*2*1?
53
Suppose -113 = -5*d + o - 2*o, 4*d = 2*o + 96. Suppose -7 + 2 = 5*a, -a + 19 = 5*c. Suppose 2*v - 32 = p, 3*v - d = 2*v + c*p. What are the prime factors of v?
3, 5
Suppose 5*x - 5*c + 440 = 0, -x + c = -2*c + 94. Let s = -93 - x. Let n = s - -89. List the prime factors of n.
3
Suppose 81*k + 22563 = 85*k + 3*z, 0 = -k + 3*z + 5622. What are the prime factors of k?
3, 1879
Let x(k) = -k - 5*k + 97*k**2 + 10 + 3*k - 5*k. Let m be x(2). Suppose 5*z - 984 = 2*j, m = 2*z + 6*j - j. List the prime factors of z.
2, 7
Suppose 8509 = 18*x - 203. Suppose -x = -8*t + 6444. What are the prime factors of t?
2, 433
Let w be 5928/(-56) + -6 + (-2)/14. What are the prime factors of (10/10)/((-4)/w)?
2, 7
Let d be (20/12 + -1)/((-6)/9). What are the prime factors of 4 + d - -678 - (-6 + 1)?
2, 7
What are the prime factors of 17967/3 - 196/(-98)?
3, 1997
Let g(x) be the third derivative of x**5/60 - 7*x**4/24 + 3*x**3 - 238*x**2. What are the prime factors of g(43)?
2, 3, 29
Suppose -23*l = 110 + 51. Let i = l - -182. List the prime factors of i.
5, 7
Suppose -g = -4*x + 9, x - 39 = 4*g - 18. Let z = g + 5. Suppose 159 = 3*t - z*t. List the prime factors of t.
53
List the prime factors of (-1)/(-4) + (-46266)/(-88).
2, 263
Suppose 61 + 30 = 13*c. Suppose -3*k = c*k - 2530. Suppose 357 = 10*d - k. What are the prime factors of d?
61
Let t be ((-25)/50)/((-2)/12). Suppose -2*v + 1 = -9. Suppose v*f + 11 = d, -d + t = -3*f - 16. List the prime factors of d.
31
Suppose -2*b = -3*b + 3. Let s be ((-212)/(-265))/((-1)/(-5)). Suppose -14 = -b*d - d + j, s*d - 26 = -5*j. List the prime factors of d.
2
Let n = -5262 - -22104. List the prime factors of n.
2, 3, 7, 401
Suppose -105*f - 92*f + 184596 = -193*f. What are the prime factors of f?
3, 15383
Let y = 12969 - 5476. What are the prime factors of y?
59, 127
Let o = -4996 + 6205. What are the prime factors of o?
3, 13, 31
Let o = 459 - -1465. List the prime factors of o.
2, 13, 37
Suppose o = -2*z + 1362, 0 = 4*o - 4*z + 3*z - 5457. List the prime factors of o.
2, 11, 31
Let u be -1*(4 - 3) + 1679. Suppose 0 = 4*b - m - u, -4*b + 1684 = -6*m + 8*m. What are the prime factors of b?
2, 3, 5, 7
Let l(x) = -59*x + 29. Suppose 2*j + 78 = 70. What are the prime factors of l(j)?
5, 53
Suppose 46*b - 45*b = 0. Suppose 3*g - 15 = b, 0*r - 7285 = -5*r - g. What are the prime factors of r?
2, 7, 13
Let o be (1 - -1)/((-15)/(-150)). List the 